{"id":1920,"date":"2014-10-16T21:21:15","date_gmt":"2014-10-16T19:21:15","guid":{"rendered":"http:\/\/blog-bobika.eu\/?page_id=1920"},"modified":"2015-08-28T19:01:09","modified_gmt":"2015-08-28T17:01:09","slug":"bitki-narodowe","status":"publish","type":"page","link":"https:\/\/blog-bobika.eu\/?page_id=1920","title":{"rendered":"Bitki narodowe"},"content":{"rendered":"<p>Wci\u0105\u017c Duch Dziej\u00f3w nam serwowa\u0142<br \/>\nw narodowym sosie bitki,<br \/>\ntwierdz\u0105c, \u017ce z nich ziemia, mowa,<br \/>\noraz inne s\u0105 po\u017cytki.<\/p>\n<p>Uwierzy\u0142a ludno\u015b\u0107 ca\u0142a,<br \/>\n\u017ce to z bitek nar\u00f3d wielki<br \/>\ni za Chiny ju\u017c nie chcia\u0142a<br \/>\n\u017cadnych ruskich czy brukselki.<\/p>\n<p>Bo od takich trynd\u00f3w nowych<br \/>\nmo\u017cna przecie\u017c, panie dzieju,<br \/>\nca\u0142kiem si\u0119 wynarodowi\u0107<br \/>\ni urazi\u0107 Ducha Dziej\u00f3w.<\/p>\n<p>Cho\u0107 ju\u017c w d\u017cinsach, bez kontusza,<br \/>\ncho\u0107 z biletem do Berlina,<br \/>\nbitki pragnie polska dusza,<br \/>\nnie knedliczka albo blina.<\/p>\n<p>Byle sos by\u0142 jak si\u0119 patrzy &#8211;<br \/>\ntroch\u0119 soli, troch\u0119 roli,<br \/>\ntrzech powsta\u0144c\u00f3w, dw\u00f3ch tu\u0142aczy<br \/>\ni spirytystyczny stolik.<\/p>\n<p>Ducha straci\u0107 to rzecz przykra,<br \/>\njeszcze si\u0119 przejad\u0105 na tym<br \/>\nci, co pod unijny dyktat<br \/>\nz ostryg obgryzaj\u0105 gnaty.<\/p>\n<p>\u201eDali\u015bmy si\u0119 zrobi\u0107 w konia!<br \/>\nKto tak w g\u0142owach nam zabe\u0142ta\u0142?\u201c<br \/>\nj\u0119knie durny makaroniarz<br \/>\ni niedobry, wrogi Teuton.<\/p>\n<p>\u201ePo co\u015bmy t\u0119 \u017cab\u0119 jedli?\u201c<br \/>\nspyta kiedy\u015b Francuz brzydki&#8230;<br \/>\nA my spoko, wiatr spod jedli<br \/>\ni te same ci\u0105gle bitki.<\/p>\n","protected":false},"excerpt":{"rendered":"<p>Wci\u0105\u017c Duch Dziej\u00f3w nam serwowa\u0142 w narodowym sosie bitki, twierdz\u0105c, \u017ce z nich ziemia, mowa, oraz inne s\u0105 po\u017cytki. Uwierzy\u0142a ludno\u015b\u0107 ca\u0142a, \u017ce to z bitek nar\u00f3d wielki i za Chiny ju\u017c nie chcia\u0142a \u017cadnych ruskich czy brukselki. Bo od takich trynd\u00f3w nowych mo\u017cna przecie\u017c, panie dzieju, ca\u0142kiem si\u0119 wynarodowi\u0107 i urazi\u0107 Ducha Dziej\u00f3w. Cho\u0107 ju\u017c w d\u017cinsach, bez kontusza, cho\u0107 z biletem do Berlina, bitki pragnie polska dusza, nie knedliczka albo blina. Byle sos by\u0142 jak si\u0119 patrzy &#8211; troch\u0119 soli, troch\u0119 roli, trzech powsta\u0144c\u00f3w, dw\u00f3ch tu\u0142aczy i spirytystyczny stolik. Ducha straci\u0107 to rzecz przykra, jeszcze si\u0119 przejad\u0105 na [&hellip;]<\/p>\n","protected":false},"author":274,"featured_media":0,"parent":2143,"menu_order":0,"comment_status":"open","ping_status":"open","template":"wiersze_polit.php","meta":{"footnotes":""},"class_list":["post-1920","page","type-page","status-publish","hentry"],"_links":{"self":[{"href":"https:\/\/blog-bobika.eu\/index.php?rest_route=\/wp\/v2\/pages\/1920","targetHints":{"allow":["GET"]}}],"collection":[{"href":"https:\/\/blog-bobika.eu\/index.php?rest_route=\/wp\/v2\/pages"}],"about":[{"href":"https:\/\/blog-bobika.eu\/index.php?rest_route=\/wp\/v2\/types\/page"}],"author":[{"embeddable":true,"href":"https:\/\/blog-bobika.eu\/index.php?rest_route=\/wp\/v2\/users\/274"}],"replies":[{"embeddable":true,"href":"https:\/\/blog-bobika.eu\/index.php?rest_route=%2Fwp%2Fv2%2Fcomments&post=1920"}],"version-history":[{"count":1,"href":"https:\/\/blog-bobika.eu\/index.php?rest_route=\/wp\/v2\/pages\/1920\/revisions"}],"predecessor-version":[{"id":1921,"href":"https:\/\/blog-bobika.eu\/index.php?rest_route=\/wp\/v2\/pages\/1920\/revisions\/1921"}],"up":[{"embeddable":true,"href":"https:\/\/blog-bobika.eu\/index.php?rest_route=\/wp\/v2\/pages\/2143"}],"wp:attachment":[{"href":"https:\/\/blog-bobika.eu\/index.php?rest_route=%2Fwp%2Fv2%2Fmedia&parent=1920"}],"curies":[{"name":"wp","href":"https:\/\/api.w.org\/{rel}","templated":true}]}}