{"id":178,"date":"2009-05-08T18:06:07","date_gmt":"2009-05-08T16:06:07","guid":{"rendered":"http:\/\/blog-bobika.eu\/?page_id=178"},"modified":"2009-05-08T18:06:07","modified_gmt":"2009-05-08T16:06:07","slug":"wyznania-kazia-m","status":"publish","type":"page","link":"https:\/\/blog-bobika.eu\/?page_id=178","title":{"rendered":"Wyznania Kazia M."},"content":{"rendered":"<p>Isabela, Isabela,<br \/>\ndo niej mknie mych my\u015bli sznur,<br \/>\nna Bielanach co niedziela<br \/>\n\u015bpiewa\u0142 o niej Aznavour<\/p>\n<p>i kto\u015b za ni\u0105 w szkole gania\u0142,<br \/>\nchocia\u017c to nie by\u0142em ja,<br \/>\nO niej my\u015bl\u0119 dzi\u015b jak maniak<br \/>\ni w mej duszy co\u015b tam \u0142ka.<\/p>\n<p>Isabela, Isabela<br \/>\ntylko dla niej chce si\u0119 \u017cy\u0107.<br \/>\nJakie\u017c bydl\u0119 si\u0119 o\u015bmiela<br \/>\nz mej mi\u0142o\u015bci podle kpi\u0107?<\/p>\n<p>Jaki\u017c potw\u00f3r i tabloid<br \/>\nczy z Londyn\u00f3w, czy z Warszaw,<br \/>\nnami\u0119tno\u015bci burz si\u0119 boi,<br \/>\nmnie nie daje do niej praw?<\/p>\n<p>Isabela, Isabela,<br \/>\ngwiazd\u0105 jest w\u015br\u00f3d m\u0142odych dam,<br \/>\nkto w \u0142eb sobie dla niej strzela,<br \/>\nzdrowy przyk\u0142ad daje nam.<\/p>\n<p>Lecz dla Isabeli zg\u0142upie\u0107 &#8211;<br \/>\njeszcze wi\u0119kszy to bon ton,<br \/>\nwi\u0119c mam wszystko inne w d&#8230;e,<br \/>\nIsabelo &#8211; ty b\u0105d\u017a m\u0105!<\/p>\n","protected":false},"excerpt":{"rendered":"<p>Isabela, Isabela, do niej mknie mych my\u015bli sznur, na Bielanach co niedziela \u015bpiewa\u0142 o niej Aznavour i kto\u015b za ni\u0105 w szkole gania\u0142, chocia\u017c to nie by\u0142em ja, O niej my\u015bl\u0119 dzi\u015b jak maniak i w mej duszy co\u015b tam \u0142ka. Isabela, Isabela tylko dla niej chce si\u0119 \u017cy\u0107. Jakie\u017c bydl\u0119 si\u0119 o\u015bmiela z mej mi\u0142o\u015bci podle kpi\u0107? Jaki\u017c potw\u00f3r i tabloid czy z Londyn\u00f3w, czy z Warszaw, nami\u0119tno\u015bci burz si\u0119 boi, mnie nie daje do niej praw? Isabela, Isabela, gwiazd\u0105 jest w\u015br\u00f3d m\u0142odych dam, kto w \u0142eb sobie dla niej strzela, zdrowy przyk\u0142ad daje nam. Lecz dla Isabeli zg\u0142upie\u0107 [&hellip;]<\/p>\n","protected":false},"author":274,"featured_media":0,"parent":4,"menu_order":0,"comment_status":"open","ping_status":"open","template":"wiersze2.php","meta":{"footnotes":""},"class_list":["post-178","page","type-page","status-publish","hentry"],"_links":{"self":[{"href":"https:\/\/blog-bobika.eu\/index.php?rest_route=\/wp\/v2\/pages\/178","targetHints":{"allow":["GET"]}}],"collection":[{"href":"https:\/\/blog-bobika.eu\/index.php?rest_route=\/wp\/v2\/pages"}],"about":[{"href":"https:\/\/blog-bobika.eu\/index.php?rest_route=\/wp\/v2\/types\/page"}],"author":[{"embeddable":true,"href":"https:\/\/blog-bobika.eu\/index.php?rest_route=\/wp\/v2\/users\/274"}],"replies":[{"embeddable":true,"href":"https:\/\/blog-bobika.eu\/index.php?rest_route=%2Fwp%2Fv2%2Fcomments&post=178"}],"version-history":[{"count":0,"href":"https:\/\/blog-bobika.eu\/index.php?rest_route=\/wp\/v2\/pages\/178\/revisions"}],"up":[{"embeddable":true,"href":"https:\/\/blog-bobika.eu\/index.php?rest_route=\/wp\/v2\/pages\/4"}],"wp:attachment":[{"href":"https:\/\/blog-bobika.eu\/index.php?rest_route=%2Fwp%2Fv2%2Fmedia&parent=178"}],"curies":[{"name":"wp","href":"https:\/\/api.w.org\/{rel}","templated":true}]}}