{"id":144,"date":"2009-02-20T02:27:32","date_gmt":"2009-02-20T00:27:32","guid":{"rendered":"http:\/\/blog-bobika.eu\/?page_id=144"},"modified":"2015-08-28T14:23:19","modified_gmt":"2015-08-28T12:23:19","slug":"stan-wyjatkowy-w-massachusetts","status":"publish","type":"page","link":"https:\/\/blog-bobika.eu\/?page_id=144","title":{"rendered":"Stan wyj\u0105tkowy w Massachusetts"},"content":{"rendered":"<p>Wszystkie z Massachusetts WASP-y<br \/>\ndzi\u015b podobno wpad\u0142y w zaspy.<br \/>\nDla ps\u00f3w sporo to zabawy:<br \/>\ntu i \u00f3wdzie rostbef krwawy<br \/>\npo\u015bli\u017ani\u0119tym leci z siatki<br \/>\n(a to tutaj widok rzadki),<br \/>\ntu si\u0119 gicz wy\u015bli\u017anie z auta,<br \/>\ntu kawa\u0142ek le\u017cy skauta,<br \/>\nco staruszk\u0119 chcia\u0142 podeprze\u0107,<br \/>\nlecz nie zdo\u0142a\u0142 \u015bniegu przeprze\u0107&#8230;<br \/>\nTo dla ps\u00f3w jest ca\u0142kiem nowy<br \/>\nstan \u015bniegowo-wyj\u0105tkowy. <\/p>\n","protected":false},"excerpt":{"rendered":"<p>Wszystkie z Massachusetts WASP-y dzi\u015b podobno wpad\u0142y w zaspy. Dla ps\u00f3w sporo to zabawy: tu i \u00f3wdzie rostbef krwawy po\u015bli\u017ani\u0119tym leci z siatki (a to tutaj widok rzadki), tu si\u0119 gicz wy\u015bli\u017anie z auta, tu kawa\u0142ek le\u017cy skauta, co staruszk\u0119 chcia\u0142 podeprze\u0107, lecz nie zdo\u0142a\u0142 \u015bniegu przeprze\u0107&#8230; To dla ps\u00f3w jest ca\u0142kiem nowy stan \u015bniegowo-wyj\u0105tkowy.<\/p>\n","protected":false},"author":274,"featured_media":0,"parent":2569,"menu_order":0,"comment_status":"open","ping_status":"closed","template":"wiersze_psy.php","meta":{"footnotes":""},"class_list":["post-144","page","type-page","status-publish","hentry"],"_links":{"self":[{"href":"https:\/\/blog-bobika.eu\/index.php?rest_route=\/wp\/v2\/pages\/144","targetHints":{"allow":["GET"]}}],"collection":[{"href":"https:\/\/blog-bobika.eu\/index.php?rest_route=\/wp\/v2\/pages"}],"about":[{"href":"https:\/\/blog-bobika.eu\/index.php?rest_route=\/wp\/v2\/types\/page"}],"author":[{"embeddable":true,"href":"https:\/\/blog-bobika.eu\/index.php?rest_route=\/wp\/v2\/users\/274"}],"replies":[{"embeddable":true,"href":"https:\/\/blog-bobika.eu\/index.php?rest_route=%2Fwp%2Fv2%2Fcomments&post=144"}],"version-history":[{"count":1,"href":"https:\/\/blog-bobika.eu\/index.php?rest_route=\/wp\/v2\/pages\/144\/revisions"}],"predecessor-version":[{"id":1673,"href":"https:\/\/blog-bobika.eu\/index.php?rest_route=\/wp\/v2\/pages\/144\/revisions\/1673"}],"up":[{"embeddable":true,"href":"https:\/\/blog-bobika.eu\/index.php?rest_route=\/wp\/v2\/pages\/2569"}],"wp:attachment":[{"href":"https:\/\/blog-bobika.eu\/index.php?rest_route=%2Fwp%2Fv2%2Fmedia&parent=144"}],"curies":[{"name":"wp","href":"https:\/\/api.w.org\/{rel}","templated":true}]}}