{"id":114,"date":"2008-12-03T22:43:56","date_gmt":"2008-12-03T21:43:56","guid":{"rendered":"http:\/\/blog-bobika.eu\/?page_id=114"},"modified":"2015-08-28T19:02:59","modified_gmt":"2015-08-28T17:02:59","slug":"snieg","status":"publish","type":"page","link":"https:\/\/blog-bobika.eu\/?page_id=114","title":{"rendered":"\u015anieg"},"content":{"rendered":"<p>Nie wiem, co ludzie w tym widz\u0105.<br \/>\nZw\u0142aszcza ci mniejsi biegiem,<br \/>\nz piskiem rzucaj\u0105 si\u0119 do drzwi,<br \/>\nby spotka\u0107 si\u0119 z tym&#8230; no&#8230; \u015bniegiem.<\/p>\n<p>Kto\u015b zwykle za nimi co\u015b krzyczy,<br \/>\n\u017ce czapka, \u017ce szalik, \u017ce grypa&#8230;<br \/>\nA co tam! Rozum do k\u0105ta,<br \/>\nbo bia\u0142e zacz\u0119\u0142o sypa\u0107.<\/p>\n<p>M\u00f3j nos nie kapuje za Chiny,<br \/>\ndlaczego to takie mecyje?<br \/>\njak co\u015b do sensu nie pachnie,<br \/>\nto czy na pewno to \u017cyje?<\/p>\n<p>I \u0142apom to zimne kleiste<br \/>\nniewiele wydaje si\u0119 warte.<br \/>\nC\u00f3\u017c to jest dla \u0142ap za radocha,<br \/>\n\u017ce b\u0119d\u0105 wkr\u00f3tce wytarte?<\/p>\n<p>Ogona ju\u017c nawet nie pytam,<br \/>\nbo z g\u00f3ry znam jego opini\u0119.<br \/>\nMokry tak dobrze jak suchy,<br \/>\ncho\u0107 si\u0105d\u017a ty i p\u0142acz, nie wywinie.<\/p>\n<p>Ca\u0142o\u015bci psa wi\u0119c ta sprawa<br \/>\npodoba si\u0119 umiarkowanie.<br \/>\nCo ca\u0142o\u015b\u0107 ma z takich opad\u00f3w?<br \/>\nLepsze jedzenie? Czy spanie?<\/p>\n<p>Nie dosy\u0107, \u017ce piesek z natury<br \/>\nzmartwienia przer\u00f3\u017cne ma liczne,<br \/>\nto jeszcze mu trzeba dok\u0142ada\u0107<br \/>\nzjawiska atmosferyczne?<\/p>\n","protected":false},"excerpt":{"rendered":"<p>Nie wiem, co ludzie w tym widz\u0105. Zw\u0142aszcza ci mniejsi biegiem, z piskiem rzucaj\u0105 si\u0119 do drzwi, by spotka\u0107 si\u0119 z tym&#8230; no&#8230; \u015bniegiem. Kto\u015b zwykle za nimi co\u015b krzyczy, \u017ce czapka, \u017ce szalik, \u017ce grypa&#8230; A co tam! Rozum do k\u0105ta, bo bia\u0142e zacz\u0119\u0142o sypa\u0107. M\u00f3j nos nie kapuje za Chiny, dlaczego to takie mecyje? jak co\u015b do sensu nie pachnie, to czy na pewno to \u017cyje? I \u0142apom to zimne kleiste niewiele wydaje si\u0119 warte. C\u00f3\u017c to jest dla \u0142ap za radocha, \u017ce b\u0119d\u0105 wkr\u00f3tce wytarte? Ogona ju\u017c nawet nie pytam, bo z g\u00f3ry znam jego opini\u0119. Mokry [&hellip;]<\/p>\n","protected":false},"author":274,"featured_media":0,"parent":2563,"menu_order":0,"comment_status":"open","ping_status":"open","template":"wiersze_PSB.php","meta":{"footnotes":""},"class_list":["post-114","page","type-page","status-publish","hentry"],"_links":{"self":[{"href":"https:\/\/blog-bobika.eu\/index.php?rest_route=\/wp\/v2\/pages\/114","targetHints":{"allow":["GET"]}}],"collection":[{"href":"https:\/\/blog-bobika.eu\/index.php?rest_route=\/wp\/v2\/pages"}],"about":[{"href":"https:\/\/blog-bobika.eu\/index.php?rest_route=\/wp\/v2\/types\/page"}],"author":[{"embeddable":true,"href":"https:\/\/blog-bobika.eu\/index.php?rest_route=\/wp\/v2\/users\/274"}],"replies":[{"embeddable":true,"href":"https:\/\/blog-bobika.eu\/index.php?rest_route=%2Fwp%2Fv2%2Fcomments&post=114"}],"version-history":[{"count":1,"href":"https:\/\/blog-bobika.eu\/index.php?rest_route=\/wp\/v2\/pages\/114\/revisions"}],"predecessor-version":[{"id":2613,"href":"https:\/\/blog-bobika.eu\/index.php?rest_route=\/wp\/v2\/pages\/114\/revisions\/2613"}],"up":[{"embeddable":true,"href":"https:\/\/blog-bobika.eu\/index.php?rest_route=\/wp\/v2\/pages\/2563"}],"wp:attachment":[{"href":"https:\/\/blog-bobika.eu\/index.php?rest_route=%2Fwp%2Fv2%2Fmedia&parent=114"}],"curies":[{"name":"wp","href":"https:\/\/api.w.org\/{rel}","templated":true}]}}